ousands digit of 1817906?
8
What is the thousands digit of 8233127?
3
What is the thousands digit of 58531?
8
What is the hundreds digit of 2866400?
4
What is the tens digit of 9426628?
2
What is the hundred thousands digit of 3141408?
1
What is the hundred thousands digit of 379943?
3
What is the thousands digit of 12061256?
1
What is the tens digit of 3794087?
8
What is the millions digit of 1224042?
1
What is the units digit of 2779074?
4
What is the ten thousands digit of 18260244?
6
What is the ten thousands digit of 399924?
9
What is the millions digit of 6079418?
6
What is the tens digit of 13569446?
4
What is the units digit of 103929?
9
What is the units digit of 18753378?
8
What is the thousands digit of 1106930?
6
What is the hundreds digit of 1249230?
2
What is the thousands digit of 9844460?
4
What is the ten thousands digit of 8049620?
4
What is the tens digit of 2360817?
1
What is the thousands digit of 7501694?
1
What is the hundred thousands digit of 5523890?
5
What is the tens digit of 1149943?
4
What is the units digit of 1816177?
7
What is the tens digit of 124802?
0
What is the units digit of 914881?
1
What is the hundred thousands digit of 14418030?
4
What is the thousands digit of 1741707?
1
What is the hundreds digit of 38321?
3
What is the ten thousands digit of 29094535?
9
What is the hundreds digit of 101713?
7
What is the units digit of 363508?
8
What is the tens digit of 144?
4
What is the millions digit of 5874812?
5
What is the tens digit of 9735846?
4
What is the ten thousands digit of 242748?
4
What is the ten thousands digit of 1313814?
1
What is the units digit of 892773?
3
What is the ten thousands digit of 4347525?
4
What is the thousands digit of 2955357?
5
What is the thousands digit of 3744297?
4
What is the units digit of 918311?
1
What is the units digit of 16985626?
6
What is the thousands digit of 5813597?
3
What is the units digit of 302484?
4
What is the tens digit of 612354?
5
What is the units digit of 642557?
7
What is the hundreds digit of 2471110?
1
What is the hundreds digit of 191386?
3
What is the units digit of 1937073?
3
What is the thousands digit of 129239?
9
What is the ten thousands digit of 348495?
4
What is the ten thousands digit of 15046616?
4
What is the thousands digit of 243104?
3
What is the tens digit of 3603790?
9
What is the ten thousands digit of 19830044?
3
What is the ten thousands digit of 208291?
0
What is the thousands digit of 311518?
1
What is the tens digit of 51040?
4
What is the units digit of 2130769?
9
What is the units digit of 6664692?
2
What is the thousands digit of 218840?
8
What is the millions digit of 1912263?
1
What is the hundreds digit of 371582?
5
What is the ten thousands digit of 3936880?
3
What is the ten thousands digit of 9258241?
5
What is the millions digit of 2691106?
2
What is the ten thousands digit of 21715277?
1
What is the ten thousands digit of 264533?
6
What is the thousands digit of 601815?
1
What is the units digit of 10944888?
8
What is the units digit of 111876?
6
What is the millions digit of 1806489?
1
What is the millions digit of 1451567?
1
What is the thousands digit of 1605323?
5
What is the hundred thousands digit of 2084659?
0
What is the hundreds digit of 41511?
5
What is the thousands digit of 1310796?
0
What is the thousands digit of 1051786?
1
What is the hundred thousands digit of 733339?
7
What is the millions digit of 9807193?
9
What is the ten millions digit of 16233335?
1
What is the tens digit of 8262327?
2
What is the tens digit of 474664?
6
What is the hundreds digit of 493219?
2
What is the tens digit of 12510135?
3
What is the tens digit of 160483?
8
What is the thousands digit of 9217299?
7
What is the tens digit of 168729?
2
What is the millions digit of 1798484?
1
What is the tens digit of 1914335?
3
What is the hundred thousands digit of 16515253?
5
What is the millions digit of 1038238?
1
What is the ten thousands digit of 12683352?
8
What is the ten thousands digit of 865188?
6
What is the hundred thousands digit of 22691064?
6
What is the millions digit of 7854314?
7
What is the tens digit of 2630038?
3
What is the ten millions digit of 13849292?
1
What is the hundred thousands digit of 1936882?
9
What is the millions digit of 7476379?
7
What is the ten thousands digit of 1012481?
1
What is the tens digit of 88888?
8
What is the thousands digit of 217844?
7
What is the thousands digit of 537806?
7
What is the hundred thousands digit of 11698631?
6
What is the ten thousands digit of 55791?
5
What is the millions digit of 4422581?
4
What is the thousands digit of 5948769?
8
What is the hundred thousands digit of 532883?
5
What is the hundreds digit of 272385?
3
What is the thousands digit of 778551?
8
What is the tens digit of 2084137?
3
What is the hundred thousands digit of 494399?
4
What is the tens digit of 1018812?
1
What is the tens digit of 103485?
8
What is the ten thousands digit of 104709?
0
What is the thousands digit of 308353?
8
What is the ten millions digit of 11070492?
1
What is the hundred thousands digit of 988372?
9
What is the thousands digit of 102715?
2
What is the hundred thousands digit of 407660?
4
What is the tens digit of 971036?
3
What is the thousands digit of 301423?
1
What is the hundred thousands digit of 220999?
2
What is the ten thousands digit of 12603270?
0
What is the ten thousands digit of 41862758?
6
What is the ten thousands digit of 14602573?
0
What is the tens digit of 147117?
1
What is the units digit of 39176336?
6
What is the hundred thousands digit of 3738671?
7
What is the tens digit of 20950855?
5
What is the ten thousands digit of 627235?
2
What is the millions digit of 10095827?
0
What is the ten thousands digit of 202594?
0
What is the tens digit of 1002443?
4
What is the hundred thousands digit of 1300305?
3
What is the units digit of 322949?
9
What is the units digit of 1280056?
6
What is the ten thousands digit of 328511?
2
What is the hundred thousands digit of 25336946?
3
What is the ten thousands digit of 6887231?
8
What is the hundred thousands digit of 4197949?
1
What is the ten millions digit of 10161151?
1
What is the hundreds digit of 984904?
9
What is the hundred thousands digit of 936128?
9
What is the tens digit of 224923?
2
What is the ten thousands digit of 579638?
7
What is the millions digit of 13713325?
3
What is the ten thousands digit of 491452?
9
What is the ten thousands digit of 15009423?
0
What is the ten thousands digit of 459694?
5
What is the ten thousands digit of 817100?
1
What is the units digit of 156569?
9
What is the hundreds digit of 11867484?
4
What is the thousands digit of 18499?
8
What is the tens digit of 217754?
5
What is the units digit of 6366498?
8
What is the hundreds digit of 3821810?
8
What is the hundreds digit of 4081146?
1
What is the hundred thousands digit of 9410689?
4
What is the units digit of 2709826?
6
What is the tens digit of 528680?
8
What is the hundreds digit of 3636343?
3
What is the ten thousands digit of 1748705?
4
What is the units digit of 1145045?
5
What is the tens digit of 36084?
8
What is the hundreds digit of 126620?
6
What is the hundreds digit of 8801445?
4
What is the tens digit of 2530855?
5
What is the tens digit of 157572?
7
What is the hundred thousands digit of 348462?
3
What is the thousands digit of 250439?
0
What is the thousands digit of 255968?
5
What is the ten thousands digit of 5779290?
7
What is the thousands digit of 377127?
7
What is the hundreds digit of 1866932?
9
What is the thousands digit of 3426091?
6
What is the units digit of 5552134?
4
What is the millions digit of 15700663?
5
What is the hundred thousands digit of 222956?
2
What is the hundred thousands digit of 356727?
3
What is the millions digit of 7152809?
7
What is the hundred thousands digit of 729684?
7
What is the units digit of 1638711?
1
What is the units digit of 83752?
2
What is the units digit of 4799353?
3
What is the hundred thousands digit of 395378?
3
What is the ten thousands digit of 98197?
9
What is the tens digit of 13674351?
5
What is the ten thousands digit of 460573?
6
What is the tens digit of 1465008?
0
What is the hundreds digit of 289456?
4
What is the thousands digit of 1